77 is divided by 98?
79
Calculate the remainder when 2521 is divided by 141.
124
What is the remainder when 285 is divided by 11?
10
Calculate the remainder when 97 is divided by 42.
13
Calculate the remainder when 755 is divided by 31.
11
Calculate the remainder when 381 is divided by 28.
17
Calculate the remainder when 7786 is divided by 159.
154
Calculate the remainder when 886 is divided by 181.
162
What is the remainder when 122 is divided by 19?
8
Calculate the remainder when 126 is divided by 36.
18
Calculate the remainder when 271 is divided by 16.
15
What is the remainder when 639 is divided by 16?
15
What is the remainder when 297 is divided by 88?
33
What is the remainder when 94 is divided by 40?
14
Calculate the remainder when 722 is divided by 231.
29
What is the remainder when 421 is divided by 420?
1
What is the remainder when 289 is divided by 58?
57
Calculate the remainder when 2324 is divided by 28.
0
What is the remainder when 1758 is divided by 40?
38
Calculate the remainder when 130 is divided by 17.
11
Calculate the remainder when 25 is divided by 18.
7
What is the remainder when 84 is divided by 22?
18
Calculate the remainder when 891 is divided by 41.
30
Calculate the remainder when 426 is divided by 83.
11
Calculate the remainder when 216 is divided by 28.
20
Calculate the remainder when 222 is divided by 56.
54
Calculate the remainder when 1934 is divided by 13.
10
Calculate the remainder when 31 is divided by 13.
5
Calculate the remainder when 71 is divided by 8.
7
What is the remainder when 522 is divided by 334?
188
What is the remainder when 1203 is divided by 18?
15
What is the remainder when 65 is divided by 9?
2
Calculate the remainder when 178 is divided by 164.
14
What is the remainder when 2686 is divided by 53?
36
Calculate the remainder when 669 is divided by 48.
45
Calculate the remainder when 149 is divided by 78.
71
Calculate the remainder when 228 is divided by 106.
16
Calculate the remainder when 116 is divided by 11.
6
Calculate the remainder when 97 is divided by 28.
13
What is the remainder when 7220 is divided by 87?
86
Calculate the remainder when 73 is divided by 23.
4
What is the remainder when 1279 is divided by 16?
15
What is the remainder when 1650 is divided by 118?
116
Calculate the remainder when 426 is divided by 96.
42
What is the remainder when 524 is divided by 28?
20
What is the remainder when 559 is divided by 69?
7
Calculate the remainder when 43 is divided by 3.
1
What is the remainder when 183 is divided by 24?
15
What is the remainder when 493 is divided by 101?
89
What is the remainder when 109 is divided by 80?
29
What is the remainder when 181 is divided by 8?
5
Calculate the remainder when 193 is divided by 77.
39
What is the remainder when 579 is divided by 319?
260
What is the remainder when 907 is divided by 35?
32
What is the remainder when 1991 is divided by 416?
327
What is the remainder when 8361 is divided by 16?
9
Calculate the remainder when 144 is divided by 30.
24
What is the remainder when 178 is divided by 74?
30
What is the remainder when 345 is divided by 307?
38
Calculate the remainder when 1202 is divided by 18.
14
What is the remainder when 285 is divided by 13?
12
Calculate the remainder when 458 is divided by 23.
21
Calculate the remainder when 423 is divided by 8.
7
What is the remainder when 223 is divided by 14?
13
What is the remainder when 617 is divided by 25?
17
Calculate the remainder when 724 is divided by 56.
52
Calculate the remainder when 211 is divided by 115.
96
What is the remainder when 14809 is divided by 23?
20
What is the remainder when 226 is divided by 94?
38
What is the remainder when 238 is divided by 10?
8
What is the remainder when 4139 is divided by 18?
17
Calculate the remainder when 12623 is divided by 287.
282
What is the remainder when 917 is divided by 453?
11
What is the remainder when 261 is divided by 38?
33
What is the remainder when 80 is divided by 21?
17
What is the remainder when 145 is divided by 10?
5
What is the remainder when 362 is divided by 34?
22
Calculate the remainder when 109 is divided by 30.
19
Calculate the remainder when 478 is divided by 64.
30
What is the remainder when 474 is divided by 155?
9
Calculate the remainder when 359 is divided by 39.
8
Calculate the remainder when 201 is divided by 5.
1
Calculate the remainder when 353 is divided by 94.
71
Calculate the remainder when 64 is divided by 11.
9
Calculate the remainder when 1580 is divided by 51.
50
Calculate the remainder when 618 is divided by 20.
18
What is the remainder when 4601 is divided by 18?
11
What is the remainder when 310 is divided by 95?
25
What is the remainder when 4696 is divided by 90?
16
Calculate the remainder when 430 is divided by 15.
10
Calculate the remainder when 1743 is divided by 87.
3
What is the remainder when 11738 is divided by 59?
56
Calculate the remainder when 8381 is divided by 32.
29
What is the remainder when 632 is divided by 103?
14
Calculate the remainder when 87 is divided by 3.
0
Calculate the remainder when 1448 is divided by 52.
44
What is the remainder when 2442 is divided by 811?
9
Calculate the remainder when 10089 is divided by 87.
84
What is the remainder when 31 is divided by 2?
1
Calculate the remainder when 1814 is divided by 150.
14
What is the remainder when 540 is divided by 22?
12
What is the remainder when 738 is divided by 10?
8
Calculate the remainder when 270 is divided by 38.
4
What is the remainder when 1426 is divided by 10?
6
Calculate the remainder when 701 is divided by 64.
61
What is the remainder when 803 is divided by 265?
8
What is the remainder when 1291 is divided by 76?
75
Calculate the remainder when 228 is divided by 33.
30
Calculate the remainder when 5125 is divided by 92.
65
What is the remainder when 754 is divided by 31?
10
Calculate the remainder when 277 is divided by 28.
25
Calculate the remainder when 921 is divided by 44.
41
What is the remainder when 382 is divided by 64?
62
Calculate the remainder when 879 is divided by 110.
109
What is the remainder when 337 is divided by 113?
111
Calculate the remainder when 188 is divided by 99.
89
What is the remainder when 124 is divided by 89?
35
What is the remainder when 222 is divided by 1?
0
What is the remainder when 931 is divided by 898?
33
What is the remainder when 957 is divided by 32?
29
What is the remainder when 348 is divided by 14?
12
What is the remainder when 233 is divided by 25?
8
Calculate the remainder when 50 is divided by 6.
2
Calculate the remainder when 254 is divided by 14.
2
Calculate the remainder when 145 is divided by 43.
16
Calculate the remainder when 288 is divided by 29.
27
Calculate the remainder when 531 is divided by 59.
0
Calculate the remainder when 4530 is divided by 151.
0
Calculate the remainder when 814 is divided by 13.
8
Calculate the remainder when 254 is divided by 8.
6
Calculate the remainder when 662 is divided by 329.
4
Calculate the remainder when 4225 is divided by 15.
10
Calculate the remainder when 94915 is divided by 29.
27
Calculate the remainder when 262 is divided by 30.
22
Calculate the remainder when 27 is divided by 2.
1
What is the remainder when 151 is divided by 7?
4
Calculate the remainder when 24 is divided by 17.
7
Calculate the remainder when 410 is divided by 84.
74
What is the remainder when 1234 is divided by 79?
49
Calculate the remainder when 64 is divided by 63.
1
What is the remainder when 317 is divided by 23?
18
What is the remainder when 63 is divided by 41?
22
Calculate the remainder when 226 is divided by 49.
30
What is the remainder when 1003 is divided by 36?
31
What is the remainder when 12453 is divided by 9?
6
Calculate the remainder when 269 is divided by 239.
30
What is the remainder when 28 is divided by 4?
0
Calculate the remainder when 121 is divided by 26.
17
Calculate the remainder when 14488 is divided by 16.
8
What is the remainder when 32 is divided by 22?
10
What is the remainder when 1956 is divided by 89?
87
Calculate the remainder when 4883 is divided by 12.
11
What is the remainder when 75 is divided by 22?
9
Calculate the remainder when 5770 is divided by 77.
72
What is the remainder when 339 is divided by 4?
3
C